-y*g + 15*g = 198. What is the tens digit of g?
9
Let z = 2987 - 1396. What is the thousands digit of z?
1
Let q(i) = -2 + 1 - 2 + 2. Let z(v) = 3*v**2 + 3*v + 1. Let u(t) = 4*q(t) + z(t). What is the units digit of u(-4)?
3
Let f(s) be the third derivative of s**6/720 + s**5/24 - s**4/8 - 6*s**2. Let u(h) be the second derivative of f(h). What is the units digit of u(7)?
2
Let p = 18 - 58. Let h = 161 - p. What is the units digit of h?
1
Let p(g) = 31*g**3 - g**2 - 3*g - 7. What is the tens digit of p(3)?
1
Let t = 21 - 20. What is the units digit of t?
1
Let w = 788 + -493. Suppose -2*h - 125 = -5*c, 0 = 5*h + 2*c + 3*c + w. What is the units digit of (1/2)/((-3)/h)?
0
Let w = 113 - 2. What is the tens digit of w?
1
Let k be (-152)/2 - (-20)/(-5). Let t = -52 - k. What is the tens digit of t?
2
Let m be ((-18)/(-4))/(9/36). Let f = -64 + 119. Let b = f - m. What is the units digit of b?
7
Let p(k) = -k**3 + 2*k**2 + 3*k + 1. Let n be p(3). What is the tens digit of n + 0 + 1 + 64?
6
Suppose 50*s = 39*s + 44825. What is the hundreds digit of s?
0
Suppose -5*o = 47 + 33. Let z = 105 + -72. Let p = o + z. What is the tens digit of p?
1
Suppose 2*v + 3*v - 110 = 0. What is the units digit of (-128)/(-9) + v/(-99)?
4
Let v be (2/8)/(3/24). Suppose -o - v*o = -234. What is the tens digit of o?
7
Let q(j) be the third derivative of j**6/120 + j**5/30 + j**4/24 - 11*j**2. Let z be q(0). Let x = 46 + z. What is the tens digit of x?
4
Let c(z) be the third derivative of -z**4/24 + z**3/6 + 7*z**2. Let b be c(-7). Let h = 37 + b. What is the units digit of h?
5
Let o(u) = -22*u**3 - u - 1. Let m be o(-1). What is the hundreds digit of ((-334)/(-4))/(m/44)?
1
Let c be 16/(-12)*-3 + 116. Suppose 20 = 5*j, -3*n + 176 + c = -4*j. What is the tens digit of n?
0
Let x(p) = -10*p - 8 + 7 + 0 + 4. What is the hundreds digit of x(-13)?
1
Suppose 0 = v + 25 - 6. What is the tens digit of 3/1 - (v + 12)?
1
Suppose -2*u + 2*w + w = -356, 3*w - 368 = -2*u. What is the units digit of u?
1
Let n(p) = -p**3 + p. Suppose 4*g = -3 + 7. Let o be n(g). Suppose 4*f - 2*f - 34 = -5*k, 2*k - f - 10 = o. What is the units digit of k?
6
Let s(l) = 18*l - 2. Let n be s(4). Suppose -4*o + n + 38 = 0. Suppose -22*j + o*j - 120 = 0. What is the tens digit of j?
2
What is the hundreds digit of (-104)/208*(-4166)/1?
0
Let p = 12 + -12. Let x(q) = -q**2 - 2*q + 29. Let r be x(p). Let k = 62 - r. What is the tens digit of k?
3
Let u = 29 - -8. Let o = 40 + u. What is the units digit of o?
7
Let j = 29 - 141. Let q = j + 166. What is the tens digit of q?
5
Suppose 2*n = -2*q + 6, 0*n - n = -2*q - 3. Let y(g) = g**2 - 2*g. Let m be y(4). Suppose 0*k + 4*k - w - 158 = 0, q = -4*w + m. What is the tens digit of k?
4
Let r(l) = 25*l**2 - l. Let u be 5 + -2 + (-20)/4. What is the tens digit of r(u)?
0
Let n be (-8)/(-2)*(16 - 17). What is the units digit of n - (1*-159)/3?
9
Suppose -4*b - m + 9 - 36 = 0, 0 = 4*m - 4. Let u = 10 + b. Suppose 0 = -3*k - 2*i + u*i + 158, -3*k + 5*i + 166 = 0. What is the tens digit of k?
5
Suppose -4*u = -q - 6*u + 11, 0 = q - 4*u + 13. Suppose 0 = -5*w - i + 480, -q*w + 290 + 0 = i. What is the units digit of w?
5
Let o be 3 - 2 - (1 + -2). Let h(i) = 26*i - 2. Let p be h(o). Let s = -2 + p. What is the units digit of s?
8
Let y(x) = -5*x**3 - 8*x**2 + 11*x - 30. What is the tens digit of y(-8)?
3
What is the tens digit of (-5)/(-15) + (3720/(-9))/(-5)?
8
Suppose -a + 0 - 7 = 0. Let o(i) = -i**2 - 10*i + 22. Let k be o(-12). What is the units digit of 466/14 - k/a?
3
Suppose 0 = -5*h + 11*h. What is the units digit of ((-112)/20)/(h + 2/(-20))?
6
Suppose -3*m + 802 = -10*c + 11*c, 0 = -4*m + 3*c + 1091. What is the tens digit of m?
6
Suppose y = -3*u + 381, 2*y - 4*u - 762 = -7*u. What is the hundreds digit of y?
3
Suppose 5*b = 17 + 18. Let v = 188 - 193. Let w = b - v. What is the tens digit of w?
1
Let i = 821 - 379. What is the tens digit of i?
4
Let p = -6129 + 10240. What is the hundreds digit of p?
1
Suppose 5*g - 22 = -5*c + 3*g, 0 = -4*c + 5*g + 11. Let d be 8/c + -1 + 0. Suppose 3*h - 5 = d. What is the units digit of h?
2
Let r(w) = w + 3. Let p be r(-6). Let k(h) = -29*h - 7. Let c be k(p). Suppose -v - u = -16 - 7, 0 = 4*v + u - c. What is the tens digit of v?
1
Let o = -1 - -5. Suppose o*b + 6 = -2. What is the units digit of b + -2 + 44*1?
0
Let v = 468 + -103. What is the hundreds digit of v?
3
Let j = 30 + -27. What is the tens digit of (3 - 2)*51 - j?
4
Let w(n) = 115*n**2 - 6*n + 7. What is the units digit of w(-3)?
0
Let x be (-9)/6*(-4)/(-6). Let f be -1 + x/3*-3. Suppose f*w + 64 = 2*w. What is the tens digit of w?
3
Suppose -4*o + 4891 = 915. Suppose 0 = 15*r - 8*r - o. What is the units digit of r?
2
Let y(l) = 12*l - 8. Let k(j) = 12*j - 8. Let t(o) = 3*k(o) - 4*y(o). Let x(m) = 11*m - 7. Let g(n) = -6*t(n) - 7*x(n). What is the tens digit of g(-7)?
3
Suppose -l - 13 = -5*f, -2*l - 3*l - 7 = 4*f. Suppose -6 = -f*s - 2. What is the tens digit of 76*(11/4 - s)?
5
Let j = -14 - -15. Let d be 0 + (1/j - 29). What is the units digit of (-176)/d - (-4)/(-14)?
6
Let p = -34 + 37. Suppose -4*r + 60 = -p*r. What is the tens digit of r?
6
Let h(o) = 88*o**2 - 3*o + 2. Let i be h(1). What is the units digit of 1/3*12/3*i?
6
Let g(s) = -2*s**2 + 2 + 1 + 1 + 1 - 4*s. Let k be g(-4). What is the tens digit of 1 + (-4)/(4/k)?
1
Suppose 63*t - 198592 + 45754 = 0. What is the units digit of t?
6
Suppose -481 - 171 = 4*r. Let y = r - -356. What is the units digit of y?
3
Suppose -5*n + 101 = 2*q + 7, 5*n = -4*q + 88. Let x = -35 + n. What is the units digit of 30*(1 - (-3)/x)?
4
Let l be (-1 - 3)*(-975)/12. Suppose 6*d - d = l. What is the tens digit of d?
6
Let k be -7 + 0 + 9/(9/2). Let m(c) = 6*c**2 + 2*c - 11. What is the tens digit of m(k)?
2
What is the hundreds digit of 2 + (-3)/1 - (-36550)/10?
6
Suppose -112 = -6*s - 34. Let f(j) = -3*j**2 + 2. Let z be f(-2). Let y = s + z. What is the units digit of y?
3
Let l(n) = 21*n**2 + 119*n - 26. What is the units digit of l(-8)?
6
Suppose 4*y + 10 = 22. Suppose 0 = -y*m - f + 2, 4*m + 3*f = 2*f + 4. Suppose 0*x = -5*x - 4*l + 82, -m*x + 40 = -2*l. What is the units digit of x?
8
Let c be -10*1/(10/(-4)). Let s be (-4)/16 + (-11)/c. Let n = 4 - s. What is the units digit of n?
7
Let h be 26/3*33 - 3. Suppose -o + 6*j = j - h, 4*o + j = 1069. What is the tens digit of o?
6
Let c(z) = 4*z - 3. Let n(k) = -17*k + 11. Let l(a) = -9*c(a) - 2*n(a). Let d(q) = -q**3 - 5*q**2 + q - 1. Let f be d(-5). What is the units digit of l(f)?
7
Suppose 19 - 101 = m. Let l = -15 - m. What is the tens digit of l?
6
Let v be 32/12*(-6)/(-4). Suppose -4*h - 4 = 0, 3*w = -w + v*h - 16. Let g = w + 27. What is the units digit of g?
2
Suppose -14 - 26 = 4*b. Suppose j + 2*t + 1 + 0 = 0, -j = -t + 13. What is the units digit of j/(-6) - (-5)/b?
1
Suppose -108 = -3*s + 5*t, 4*s = -3*t - 2*t + 109. Let c = s + -15. What is the tens digit of c?
1
Let m(p) = -3*p + 1 - p**3 + 5 + 1 - 4 + 4*p**2. Let h be m(4). Let f = 14 + h. What is the units digit of f?
5
Suppose -14*v - 129 = -17*v. What is the units digit of v?
3
Suppose 8 = 2*p - 0. Suppose k = 4*m - 6, p*k - 12 = -0*m - 2*m. What is the units digit of m?
2
Let d(s) = 11*s**2 - 5*s - 115. What is the hundreds digit of d(-8)?
6
Let i(v) = 2*v + 5. Let h be i(0). Suppose 2*y = y + 3*u + 6, 0 = -2*y - u + h. Suppose d + 0 - y = 0. What is the units digit of d?
3
Suppose 22*r - 18*r - 5615 = 3*z, z = 3. What is the units digit of r?
6
Suppose -2*c = -3 - 1. Let i(f) = 22*f**2 + 19*f - 21 + f**3 + 0*f**3 - 38*f**c. What is the tens digit of i(15)?
3
Let k = -196 + 664. What is the hundreds digit of k?
4
Let o(a) = -a**2 - 8*a - 5. Let b be o(-7). Suppose -68 + 2 = -3*l - 4*y, -2*l + 44 = -b*y. Suppose l*c = 25*c - 21. What is the units digit of c?
7
Let n(p) = -p + 122. Let b(x) = x + 1. Let q(z) = 3*b(z) + n(z). Let t be q(0). Suppose -7*w + 2*w = -t. What is the tens digit of w?
2
Suppose -2*f = -3*c - f + 889, -881 = -3*c - f. Suppose 3*x = c + 242. What is the hundreds digit of x?
1
Suppose -266*d = -240*d - 37960. What is the thousands digit of d?
1
What is the hundreds digit of (-2 - -1)/((8/(-451))/8)?
4
Suppose 6 = 3*x - x. Let j(m) = -m + 5*m - x - 17. What is the u